{"id":663,"date":"2020-02-02T19:47:20","date_gmt":"2020-02-02T18:47:20","guid":{"rendered":"https:\/\/modellflygklubbar.se\/ostersundstraffen\/?page_id=663"},"modified":"2022-01-25T13:52:30","modified_gmt":"2022-01-25T12:52:30","slug":"anmalda-piloter-2020","status":"publish","type":"page","link":"https:\/\/ostersundstraffen.se\/?page_id=663","title":{"rendered":"Anm\u00e4lda piloter 2022"},"content":{"rendered":"\n<p>  1. Robert Wermelin, Kvissleby<br>  2. Kay \u201dKrut\u201d Olson, Svedala<br>  3. Annakarin Johannesson, Svedala<br>  4. &nbsp;Mikael Olsson, \u00d6stersund<br>  5. Kjell-\u00c5ke Skoog, Tandsbyn<br>  6. Kjell Nilsson, \u00d6stersund<br>  7. Tommy Olofsson, Tandsbyn<br>  8. <br>  9. <br>10.<br>11. <br>12. <\/p>\n\n\n\n<p><\/p>\n\n\n\n<p><\/p>\n\n\n\n<p><div class='white' style='background:rgba(0,0,0,0); border:solid 0px rgba(0,0,0,0); border-radius:0px; padding:0px 0px 0px 0px;'>\n<div id='slider_705' class='owl-carousel sa_owl_theme owl-pagination-true autohide-arrows' data-slider-id='slider_705' style='visibility:hidden;'>\n<div id='slider_705_slide05' class='sa_hover_container' style='padding:5% 5%; margin:0px 0%; '><p><img loading=\"lazy\" decoding=\"async\" class=\"alignnone size-full wp-image-715\" src=\"https:\/\/modellflygklubbar.se\/ostersundstraffen\/wp-content\/uploads\/IMG_0110.jpeg\" alt=\"\" width=\"640\" height=\"480\" srcset=\"https:\/\/ostersundstraffen.se\/wp-content\/uploads\/IMG_0110.jpeg 640w, https:\/\/ostersundstraffen.se\/wp-content\/uploads\/IMG_0110-300x225.jpeg 300w, https:\/\/ostersundstraffen.se\/wp-content\/uploads\/IMG_0110-125x94.jpeg 125w, https:\/\/ostersundstraffen.se\/wp-content\/uploads\/IMG_0110-200x150.jpeg 200w\" sizes=\"auto, (max-width: 640px) 100vw, 640px\" \/><\/p><\/div>\n<div id='slider_705_slide04' class='sa_hover_container' style='padding:5% 5%; margin:0px 0%; '><p><img loading=\"lazy\" decoding=\"async\" class=\"alignnone size-full wp-image-718\" src=\"https:\/\/modellflygklubbar.se\/ostersundstraffen\/wp-content\/uploads\/IMG_0133.jpeg\" alt=\"\" width=\"640\" height=\"480\" srcset=\"https:\/\/ostersundstraffen.se\/wp-content\/uploads\/IMG_0133.jpeg 640w, https:\/\/ostersundstraffen.se\/wp-content\/uploads\/IMG_0133-300x225.jpeg 300w, https:\/\/ostersundstraffen.se\/wp-content\/uploads\/IMG_0133-125x94.jpeg 125w, https:\/\/ostersundstraffen.se\/wp-content\/uploads\/IMG_0133-200x150.jpeg 200w\" sizes=\"auto, (max-width: 640px) 100vw, 640px\" \/><\/p><\/div>\n<div id='slider_705_slide07' class='sa_hover_container' style='padding:5% 5%; margin:0px 0%; '><p><img loading=\"lazy\" decoding=\"async\" class=\"alignnone size-full wp-image-713\" src=\"https:\/\/modellflygklubbar.se\/ostersundstraffen\/wp-content\/uploads\/IMG_0105.jpeg\" alt=\"\" width=\"640\" height=\"480\" srcset=\"https:\/\/ostersundstraffen.se\/wp-content\/uploads\/IMG_0105.jpeg 640w, https:\/\/ostersundstraffen.se\/wp-content\/uploads\/IMG_0105-300x225.jpeg 300w, https:\/\/ostersundstraffen.se\/wp-content\/uploads\/IMG_0105-125x94.jpeg 125w, https:\/\/ostersundstraffen.se\/wp-content\/uploads\/IMG_0105-200x150.jpeg 200w\" sizes=\"auto, (max-width: 640px) 100vw, 640px\" \/><\/p><\/div>\n<div id='slider_705_slide10' class='sa_hover_container' style='padding:5% 5%; margin:0px 0%; '><p><img loading=\"lazy\" decoding=\"async\" class=\"alignnone size-full wp-image-710\" src=\"https:\/\/modellflygklubbar.se\/ostersundstraffen\/wp-content\/uploads\/IMG_0011.jpeg\" alt=\"\" width=\"640\" height=\"427\" srcset=\"https:\/\/ostersundstraffen.se\/wp-content\/uploads\/IMG_0011.jpeg 640w, https:\/\/ostersundstraffen.se\/wp-content\/uploads\/IMG_0011-300x200.jpeg 300w, https:\/\/ostersundstraffen.se\/wp-content\/uploads\/IMG_0011-125x83.jpeg 125w, https:\/\/ostersundstraffen.se\/wp-content\/uploads\/IMG_0011-200x133.jpeg 200w\" sizes=\"auto, (max-width: 640px) 100vw, 640px\" \/><\/p><\/div>\n<div id='slider_705_slide11' class='sa_hover_container' style='padding:5% 5%; margin:0px 0%; '><p><img loading=\"lazy\" decoding=\"async\" class=\"alignnone size-full wp-image-709\" src=\"https:\/\/modellflygklubbar.se\/ostersundstraffen\/wp-content\/uploads\/IMG_0010.jpeg\" alt=\"\" width=\"640\" height=\"427\" srcset=\"https:\/\/ostersundstraffen.se\/wp-content\/uploads\/IMG_0010.jpeg 640w, https:\/\/ostersundstraffen.se\/wp-content\/uploads\/IMG_0010-300x200.jpeg 300w, https:\/\/ostersundstraffen.se\/wp-content\/uploads\/IMG_0010-125x83.jpeg 125w, https:\/\/ostersundstraffen.se\/wp-content\/uploads\/IMG_0010-200x133.jpeg 200w\" sizes=\"auto, (max-width: 640px) 100vw, 640px\" \/><\/p><\/div>\n<div id='slider_705_slide02' class='sa_hover_container' style='padding:5% 5%; margin:0px 0%; '><p><img loading=\"lazy\" decoding=\"async\" class=\"alignnone size-full wp-image-720\" src=\"https:\/\/modellflygklubbar.se\/ostersundstraffen\/wp-content\/uploads\/IMG_0145.jpeg\" alt=\"\" width=\"640\" height=\"480\" srcset=\"https:\/\/ostersundstraffen.se\/wp-content\/uploads\/IMG_0145.jpeg 640w, https:\/\/ostersundstraffen.se\/wp-content\/uploads\/IMG_0145-300x225.jpeg 300w, https:\/\/ostersundstraffen.se\/wp-content\/uploads\/IMG_0145-125x94.jpeg 125w, https:\/\/ostersundstraffen.se\/wp-content\/uploads\/IMG_0145-200x150.jpeg 200w\" sizes=\"auto, (max-width: 640px) 100vw, 640px\" \/><\/p><\/div>\n<div id='slider_705_slide01' class='sa_hover_container' style='padding:5% 5%; margin:0px 0%; '><p><img loading=\"lazy\" decoding=\"async\" class=\"alignnone size-full wp-image-721\" src=\"https:\/\/modellflygklubbar.se\/ostersundstraffen\/wp-content\/uploads\/IMG_0193.jpeg\" alt=\"\" width=\"640\" height=\"480\" srcset=\"https:\/\/ostersundstraffen.se\/wp-content\/uploads\/IMG_0193.jpeg 640w, https:\/\/ostersundstraffen.se\/wp-content\/uploads\/IMG_0193-300x225.jpeg 300w, https:\/\/ostersundstraffen.se\/wp-content\/uploads\/IMG_0193-125x94.jpeg 125w, https:\/\/ostersundstraffen.se\/wp-content\/uploads\/IMG_0193-200x150.jpeg 200w\" sizes=\"auto, (max-width: 640px) 100vw, 640px\" \/><\/p><\/div>\n<div id='slider_705_slide12' class='sa_hover_container' style='padding:5% 5%; margin:0px 0%; '><p><img loading=\"lazy\" decoding=\"async\" class=\"alignnone size-full wp-image-708\" src=\"https:\/\/modellflygklubbar.se\/ostersundstraffen\/wp-content\/uploads\/IMG_0008.jpeg\" alt=\"\" width=\"640\" height=\"427\" srcset=\"https:\/\/ostersundstraffen.se\/wp-content\/uploads\/IMG_0008.jpeg 640w, https:\/\/ostersundstraffen.se\/wp-content\/uploads\/IMG_0008-300x200.jpeg 300w, https:\/\/ostersundstraffen.se\/wp-content\/uploads\/IMG_0008-125x83.jpeg 125w, https:\/\/ostersundstraffen.se\/wp-content\/uploads\/IMG_0008-200x133.jpeg 200w\" sizes=\"auto, (max-width: 640px) 100vw, 640px\" \/><\/p><\/div>\n<div id='slider_705_slide06' class='sa_hover_container' style='padding:5% 5%; margin:0px 0%; '><p><img loading=\"lazy\" decoding=\"async\" class=\"alignnone size-full wp-image-714\" src=\"https:\/\/modellflygklubbar.se\/ostersundstraffen\/wp-content\/uploads\/IMG_0106.jpeg\" alt=\"\" width=\"640\" height=\"480\" srcset=\"https:\/\/ostersundstraffen.se\/wp-content\/uploads\/IMG_0106.jpeg 640w, https:\/\/ostersundstraffen.se\/wp-content\/uploads\/IMG_0106-300x225.jpeg 300w, https:\/\/ostersundstraffen.se\/wp-content\/uploads\/IMG_0106-125x94.jpeg 125w, https:\/\/ostersundstraffen.se\/wp-content\/uploads\/IMG_0106-200x150.jpeg 200w\" sizes=\"auto, (max-width: 640px) 100vw, 640px\" \/><\/p><\/div>\n<div id='slider_705_slide09' class='sa_hover_container' style='padding:5% 5%; margin:0px 0%; '><p><img loading=\"lazy\" decoding=\"async\" class=\"alignnone size-full wp-image-711\" src=\"https:\/\/modellflygklubbar.se\/ostersundstraffen\/wp-content\/uploads\/IMG_0102.jpeg\" alt=\"\" width=\"640\" height=\"480\" srcset=\"https:\/\/ostersundstraffen.se\/wp-content\/uploads\/IMG_0102.jpeg 640w, https:\/\/ostersundstraffen.se\/wp-content\/uploads\/IMG_0102-300x225.jpeg 300w, https:\/\/ostersundstraffen.se\/wp-content\/uploads\/IMG_0102-125x94.jpeg 125w, https:\/\/ostersundstraffen.se\/wp-content\/uploads\/IMG_0102-200x150.jpeg 200w\" sizes=\"auto, (max-width: 640px) 100vw, 640px\" \/><\/p><\/div>\n<div id='slider_705_slide13' class='sa_hover_container' style='padding:5% 5%; margin:0px 0%; '><p><img loading=\"lazy\" decoding=\"async\" class=\"alignnone size-full wp-image-706\" src=\"https:\/\/modellflygklubbar.se\/ostersundstraffen\/wp-content\/uploads\/IMG_0002.jpeg\" alt=\"\" width=\"640\" height=\"427\" srcset=\"https:\/\/ostersundstraffen.se\/wp-content\/uploads\/IMG_0002.jpeg 640w, https:\/\/ostersundstraffen.se\/wp-content\/uploads\/IMG_0002-300x200.jpeg 300w, https:\/\/ostersundstraffen.se\/wp-content\/uploads\/IMG_0002-125x83.jpeg 125w, https:\/\/ostersundstraffen.se\/wp-content\/uploads\/IMG_0002-200x133.jpeg 200w\" sizes=\"auto, (max-width: 640px) 100vw, 640px\" \/><\/p><\/div>\n<div id='slider_705_slide03' class='sa_hover_container' style='padding:5% 5%; margin:0px 0%; '><p><img loading=\"lazy\" decoding=\"async\" class=\"alignnone size-full wp-image-719\" src=\"https:\/\/modellflygklubbar.se\/ostersundstraffen\/wp-content\/uploads\/IMG_0144.jpeg\" alt=\"\" width=\"640\" height=\"480\" srcset=\"https:\/\/ostersundstraffen.se\/wp-content\/uploads\/IMG_0144.jpeg 640w, https:\/\/ostersundstraffen.se\/wp-content\/uploads\/IMG_0144-300x225.jpeg 300w, https:\/\/ostersundstraffen.se\/wp-content\/uploads\/IMG_0144-125x94.jpeg 125w, https:\/\/ostersundstraffen.se\/wp-content\/uploads\/IMG_0144-200x150.jpeg 200w\" sizes=\"auto, (max-width: 640px) 100vw, 640px\" \/><\/p><\/div>\n<div id='slider_705_slide08' class='sa_hover_container' style='padding:5% 5%; margin:0px 0%; '><p><img loading=\"lazy\" decoding=\"async\" class=\"alignnone size-full wp-image-712\" src=\"https:\/\/modellflygklubbar.se\/ostersundstraffen\/wp-content\/uploads\/IMG_0104.jpeg\" alt=\"\" width=\"640\" height=\"480\" srcset=\"https:\/\/ostersundstraffen.se\/wp-content\/uploads\/IMG_0104.jpeg 640w, https:\/\/ostersundstraffen.se\/wp-content\/uploads\/IMG_0104-300x225.jpeg 300w, https:\/\/ostersundstraffen.se\/wp-content\/uploads\/IMG_0104-125x94.jpeg 125w, https:\/\/ostersundstraffen.se\/wp-content\/uploads\/IMG_0104-200x150.jpeg 200w\" sizes=\"auto, (max-width: 640px) 100vw, 640px\" \/><\/p><\/div>\n<div id='slider_705_slide14' class='sa_hover_container' style='padding:5% 5%; margin:0px 0%; '><p><img loading=\"lazy\" decoding=\"async\" class=\"alignnone size-full wp-image-707\" src=\"https:\/\/modellflygklubbar.se\/ostersundstraffen\/wp-content\/uploads\/IMG_0003-1.jpeg\" alt=\"\" width=\"640\" height=\"427\" srcset=\"https:\/\/ostersundstraffen.se\/wp-content\/uploads\/IMG_0003-1.jpeg 640w, https:\/\/ostersundstraffen.se\/wp-content\/uploads\/IMG_0003-1-300x200.jpeg 300w, https:\/\/ostersundstraffen.se\/wp-content\/uploads\/IMG_0003-1-125x83.jpeg 125w, https:\/\/ostersundstraffen.se\/wp-content\/uploads\/IMG_0003-1-200x133.jpeg 200w\" sizes=\"auto, (max-width: 640px) 100vw, 640px\" \/><\/p><\/div>\n<\/div>\n<\/div>\n<script type='text\/javascript'>\n\tjQuery(document).ready(function() {\n\t\tjQuery('#slider_705').owlCarousel({\n\t\t\titems : 1,\n\t\t\tsmartSpeed : 300,\n\t\t\tautoplay : true,\n\t\t\tautoplayTimeout : 2900,\n\t\t\tautoplayHoverPause : true,\n\t\t\tsmartSpeed : 300,\n\t\t\tfluidSpeed : 300,\n\t\t\tautoplaySpeed : 300,\n\t\t\tnavSpeed : 300,\n\t\t\tdotsSpeed : 300,\n\t\t\tloop : true,\n\t\t\tnav : true,\n\t\t\tnavText : ['Previous','Next'],\n\t\t\tdots : true,\n\t\t\tresponsiveRefreshRate : 200,\n\t\t\tslideBy : 1,\n\t\t\tmergeFit : true,\n\t\t\tautoHeight : false,\n\t\t\tmouseDrag : false,\n\t\t\ttouchDrag : true\n\t\t});\n\t\tjQuery('#slider_705').css('visibility', 'visible');\n\t\tsa_resize_slider_705();\n\t\twindow.addEventListener('resize', sa_resize_slider_705);\n\t\tfunction sa_resize_slider_705() {\n\t\t\tvar min_height = '50';\n\t\t\tvar win_width = jQuery(window).width();\n\t\t\tvar slider_width = jQuery('#slider_705').width();\n\t\t\tif (win_width < 480) {\n\t\t\t\tvar slide_width = slider_width \/ 1;\n\t\t\t} else if (win_width < 768) {\n\t\t\t\tvar slide_width = slider_width \/ 1;\n\t\t\t} else if (win_width < 980) {\n\t\t\t\tvar slide_width = slider_width \/ 1;\n\t\t\t} else if (win_width < 1200) {\n\t\t\t\tvar slide_width = slider_width \/ 1;\n\t\t\t} else if (win_width < 1500) {\n\t\t\t\tvar slide_width = slider_width \/ 1;\n\t\t\t} else {\n\t\t\t\tvar slide_width = slider_width \/ 1;\n\t\t\t}\n\t\t\tslide_width = Math.round(slide_width);\n\t\t\tvar slide_height = '0';\n\t\t\tif (min_height == 'aspect43') {\n\t\t\t\tslide_height = (slide_width \/ 4) * 3;\t\t\t\tslide_height = Math.round(slide_height);\n\t\t\t} else if (min_height == 'aspect169') {\n\t\t\t\tslide_height = (slide_width \/ 16) * 9;\t\t\t\tslide_height = Math.round(slide_height);\n\t\t\t} else {\n\t\t\t\tslide_height = (slide_width \/ 100) * min_height;\t\t\t\tslide_height = Math.round(slide_height);\n\t\t\t}\n\t\t\tjQuery('#slider_705 .owl-item .sa_hover_container').css('min-height', slide_height+'px');\n\t\t}\n\t\tvar owl_goto = jQuery('#slider_705');\n\t\tjQuery('.slider_705_goto1').click(function(event){\n\t\t\towl_goto.trigger('to.owl.carousel', 0);\n\t\t});\n\t\tjQuery('.slider_705_goto2').click(function(event){\n\t\t\towl_goto.trigger('to.owl.carousel', 1);\n\t\t});\n\t\tjQuery('.slider_705_goto3').click(function(event){\n\t\t\towl_goto.trigger('to.owl.carousel', 2);\n\t\t});\n\t\tjQuery('.slider_705_goto4').click(function(event){\n\t\t\towl_goto.trigger('to.owl.carousel', 3);\n\t\t});\n\t\tjQuery('.slider_705_goto5').click(function(event){\n\t\t\towl_goto.trigger('to.owl.carousel', 4);\n\t\t});\n\t\tjQuery('.slider_705_goto6').click(function(event){\n\t\t\towl_goto.trigger('to.owl.carousel', 5);\n\t\t});\n\t\tjQuery('.slider_705_goto7').click(function(event){\n\t\t\towl_goto.trigger('to.owl.carousel', 6);\n\t\t});\n\t\tjQuery('.slider_705_goto8').click(function(event){\n\t\t\towl_goto.trigger('to.owl.carousel', 7);\n\t\t});\n\t\tjQuery('.slider_705_goto9').click(function(event){\n\t\t\towl_goto.trigger('to.owl.carousel', 8);\n\t\t});\n\t\tjQuery('.slider_705_goto10').click(function(event){\n\t\t\towl_goto.trigger('to.owl.carousel', 9);\n\t\t});\n\t\tjQuery('.slider_705_goto11').click(function(event){\n\t\t\towl_goto.trigger('to.owl.carousel', 10);\n\t\t});\n\t\tjQuery('.slider_705_goto12').click(function(event){\n\t\t\towl_goto.trigger('to.owl.carousel', 11);\n\t\t});\n\t\tjQuery('.slider_705_goto13').click(function(event){\n\t\t\towl_goto.trigger('to.owl.carousel', 12);\n\t\t});\n\t\tjQuery('.slider_705_goto14').click(function(event){\n\t\t\towl_goto.trigger('to.owl.carousel', 13);\n\t\t});\n\t\tvar resize_705 = jQuery('.owl-carousel');\n\t\tresize_705.on('initialized.owl.carousel', function(e) {\n\t\t\tif (typeof(Event) === 'function') {\n\t\t\t\twindow.dispatchEvent(new Event('resize'));\n\t\t\t} else {\n\t\t\t\tvar evt = window.document.createEvent('UIEvents');\n\t\t\t\tevt.initUIEvent('resize', true, false, window, 0);\n\t\t\t\twindow.dispatchEvent(evt);\n\t\t\t}\n\t\t});\n\t});\n<\/script>\n<br><br><em>Du f\u00e5r g\u00e4rna skicka bilder p\u00e5 de&nbsp;modeller som du tar med till \u00d6stersundstr\u00e4ffen s\u00e5 l\u00e4gger vi upp bilderna h\u00e4r.<\/em><\/p>\n\n\n\n<p><\/p>\n","protected":false},"excerpt":{"rendered":"<p>1. Robert Wermelin, Kvissleby 2. Kay \u201dKrut\u201d Olson, Svedala 3. Annakarin Johannesson, Svedala 4. &nbsp;Mikael Olsson, \u00d6stersund 5. Kjell-\u00c5ke Skoog, Tandsbyn 6. Kjell Nilsson, \u00d6stersund 7. Tommy Olofsson, Tandsbyn 8. &#8230;<\/p>\n","protected":false},"author":1,"featured_media":0,"parent":0,"menu_order":0,"comment_status":"closed","ping_status":"closed","template":"","meta":{"footnotes":""},"class_list":["post-663","page","type-page","status-publish","hentry"],"acf":[],"_links":{"self":[{"href":"https:\/\/ostersundstraffen.se\/index.php?rest_route=\/wp\/v2\/pages\/663","targetHints":{"allow":["GET"]}}],"collection":[{"href":"https:\/\/ostersundstraffen.se\/index.php?rest_route=\/wp\/v2\/pages"}],"about":[{"href":"https:\/\/ostersundstraffen.se\/index.php?rest_route=\/wp\/v2\/types\/page"}],"author":[{"embeddable":true,"href":"https:\/\/ostersundstraffen.se\/index.php?rest_route=\/wp\/v2\/users\/1"}],"replies":[{"embeddable":true,"href":"https:\/\/ostersundstraffen.se\/index.php?rest_route=%2Fwp%2Fv2%2Fcomments&post=663"}],"version-history":[{"count":18,"href":"https:\/\/ostersundstraffen.se\/index.php?rest_route=\/wp\/v2\/pages\/663\/revisions"}],"predecessor-version":[{"id":1123,"href":"https:\/\/ostersundstraffen.se\/index.php?rest_route=\/wp\/v2\/pages\/663\/revisions\/1123"}],"wp:attachment":[{"href":"https:\/\/ostersundstraffen.se\/index.php?rest_route=%2Fwp%2Fv2%2Fmedia&parent=663"}],"curies":[{"name":"wp","href":"https:\/\/api.w.org\/{rel}","templated":true}]}}